e (0 - m/5)*-15. Let u be (-12)/y*2/(-4). Let i(w) = -4*w**2 - 2*w + 1. What is i(u)?
-5
Let x(n) = -n - 5. Let v(y) be the first derivative of -2*y**3/3 + y**2/2 - 2*y - 29. Let m be v(2). What is x(m)?
3
Let y(q) = -7*q + q**2 - 142 + 283 - 129. Determine y(6).
6
Let s(a) = 11 + a - 14 - 3*a. Let p(t) = 1. Let y(w) = -2*p(w) - s(w). Give y(-1).
-1
Let f(k) = -k - 10. Suppose -204 = -3*p + 3*b, 3*p + 0*b - 183 = -4*b. Suppose 3*y = -9, -4*g - p = -y + 20. Let q = 15 + g. Give f(q).
-3
Let s(m) = m**2 - 8*m - 2. Let r be s(9). Let o(h) = -h + 5 + 3*h + r - 13. Determine o(4).
7
Let p(x) = -2*x + 389 - x - 198 - 189. Determine p(2).
-4
Let d(a) = 2*a + 8. Let x be d(-3). Let h(q) = q**2 + 2*q - 1. Let n be h(x). Let u(w) = w**3 - 7*w**2 - 4. What is u(n)?
-4
Let j = -22 + 26. Let l be 70/j*16/40. Let f(m) = -m**3 + 8*m**2 - 8*m + 8. Determine f(l).
1
Let o(p) = -p - 27 + 28 - 3*p + 5*p. Let b = 0 - -2. Determine o(b).
3
Let g(o) = o - 2. Let u be g(7). Let y be 54/13 - (-2)/(-13). Let h(k) = -k**2 + 2*k - k + y + k + 0*k**2. Determine h(u).
-11
Let l(k) = k**2 - 4*k - 10. Suppose 7*g = 6*g - 81. Let p be 65/9 + 18/g. Give l(p).
11
Let i(j) = j**3 - 6*j**2 - 5*j - 12. Let g be i(7). Let h(l) = 3 - l**3 + 13*l**2 + 1 - 9*l - 23*l**2 - g. What is h(-9)?
2
Suppose -2*u = l - 17, -3*l + 2*u = -6*l + 31. Let d(q) = q**2 - 5*q - 17. Determine d(l).
-3
Let k = -3 - -5. Let j(g) = g + 3. Let w be j(-1). Let z(i) = 1 + 0*i**2 + 3*i**k + i - 5*i - w*i**2. Calculate z(5).
6
Let g(i) = -29*i - 66. Let c(p) = -16*p - 34. Let a(m) = 11*c(m) - 6*g(m). Determine a(13).
-4
Let w be 4/(32/(-28))*-2. Let k(y) = y - 8. Give k(w).
-1
Let h(s) = s**2 - 6*s + 4. Let k be h(4). Let n = k - -7. Let b(a) = 6*a**2 - 6*a - 52. Let r(f) = f**2 - f - 8. Let p(v) = b(v) - 7*r(v). What is p(n)?
-2
Let l(z) be the second derivative of -z**3/2 - 8*z**2 + 2*z + 3. Determine l(-6).
2
Let l(z) = -z + 2 + 2 - z + z. Let c be (2 - 3)/(1/(-16)). Let w = 22 - c. Determine l(w).
-2
Let d be (4/3)/((-56)/(-12) - 4). Let a(g) = 2*g - 7. Determine a(d).
-3
Let v(s) = -s + 6. Let x be v(0). Let b(y) = -98*y - 94*y - 5 + 193*y. What is b(x)?
1
Let o be (-3)/(-2)*(-5 - (-145)/15). Let s(a) = -23*a + o*a - 1 + 11*a. Suppose -4 = 3*g + h, -g - 5*h + 3 + 5 = 0. Determine s(g).
9
Let u(s) = -s**2 - 2*s. Let q = 298 + -297. Suppose 0 = -n - 0*n - 1. Let z be -7 + q + n + 4. Give u(z).
-3
Let i(o) = o**3 - 5*o**2 - 3. Let v(h) = -4*h - 15. Let t be v(-8). Suppose -4*k = -t*k + 65. What is i(k)?
-3
Let z be (-2 - 9/4)*(-12 + 0). Let x(b) = 1 + 29*b + 28*b + b**2 - z*b. Let p be -6 - (-2 - (-2 - -1)). Give x(p).
-4
Let n(v) = -71*v - 16. Let j(l) = 85*l + 17. Let a(t) = -5*j(t) - 6*n(t). Determine a(12).
23
Let s(r) be the first derivative of -r**4/2 - 2*r**3/3 + r + 3. Let o be -1*40/24 - 2/(-3). Determine s(o).
1
Suppose 5*l = -93 + 123. Let s(x) = -x + 6. Let c(b) = -1. Let u(f) = l*c(f) + s(f). Determine u(5).
-5
Let v(i) = 5 + 2192*i**2 - 4 + 3*i - 2194*i**2. What is v(2)?
-1
Let c = 216 + -220. Let i(s) = -s**3 - 4*s**2 + 3*s - 1. What is i(c)?
-13
Suppose -2 = -3*b - 5*c + 7, b + c = 5. Let p(a) = 3*a**2 - 5*a + 44. Let j(d) = -d**2 + d - 15. Let g(q) = -11*j(q) - 4*p(q). Give g(b).
-3
Let s(w) = -2*w**2 - w + 10. Let o(a) = 3. Let r(f) = -2*o(f) + s(f). What is r(2)?
-6
Let q(f) be the third derivative of -f**4/24 + 2*f**3/3 - 115*f**2 + f. Let o = -1 - -4. What is q(o)?
1
Let q(p) = 28*p - 11. Let a(j) = -13*j + 5. Let g(i) = -13*a(i) - 6*q(i). Give g(11).
12
Let x(i) = 6*i + 1. Suppose 4*c - 18 = c. Let d be (-55)/(-33) + 2/c. Suppose 1 + 9 = 3*w - d*m, -4*w = 3*m - 2. Give x(w).
13
Let l be 4 - (2 - 0) - -87. Let g(v) = v**2 - 46*v - 46*v + l*v. Let n = -7 - -10. Determine g(n).
0
Let s be (1/(-4) - 25/12)*-21. Suppose 42 = -42*z + s*z. Let r(x) be the second derivative of x**5/20 - x**4/2 - 5*x**2/2 + x. Determine r(z).
-5
Let a(f) = f**3 - 8*f**2 + 9*f - 22. Let r be a(7). Let y(o) = 4*o + 10. Calculate y(r).
-22
Let h(b) = 7*b**2 - 65*b + 8. Let d be h(9). Let f(q) = q**3 + 10*q**2 - q - 14. What is f(d)?
-4
Let h(c) be the second derivative of -c**6/120 - c**5/10 - c**4/6 - 7*c**3/6 + 35*c**2/2 - 31*c. Let l(u) be the first derivative of h(u). Calculate l(-5).
-12
Let c(z) = -z**3 - 9*z**2 + z + 13. Let a be c(-9). Suppose 0 = -t - 4*y - a, 6*y - 5*y = -t + 2. Let g(b) = 11*b - t*b + 0 - 10*b + 1. Determine g(4).
-11
Let w(f) = -3*f**2 + 6*f + 6. Let n(o) = 2*o**2 - 4*o - 4. Let i(y) = 7*n(y) + 5*w(y). What is i(3)?
-1
Let v(j) = -j**3 + 17*j**2 - 16*j + 8. Let h(r) = r**3 + 25*r**2 + 143*r. Let a be h(-16). What is v(a)?
8
Let o(y) = -y**3 + 6. Suppose 3 = 4*j - 3*k, -3*j + 2*j - 5*k = 5. Calculate o(j).
6
Let d(a) be the first derivative of 5*a**2/2 - a - 6. Suppose f - 5 = 3*t - 3*f, t = -3*f + 7. Calculate d(t).
4
Let s(g) = -6*g + 2*g - 4*g**2 + 5*g. What is s(1)?
-3
Suppose -2*h = -4*h - 54. Let a = h - -30. Let i(m) = 6*m**2 - 2*m + 4*m - 2*m + m**a - 4. Determine i(-6).
-4
Let r(d) = -2*d - 3. Let a(s) = 3*s + 4. Let i(m) = -6*a(m) - 7*r(m). Let f = 22 - 0. Let n = 19 - f. Calculate i(n).
9
Let o = -23 + 26. Let q(c) = -4*c**o + 9 - 2*c - 8 - 2*c**2 + 3*c**2 + 4*c. Calculate q(-1).
4
Let u(k) = -k - 15. Let x be (-204)/(-10) - 10/25. Let d = 23 - x. Suppose p - 2*a = 3*p + 8, 0 = d*p + 5*a + 20. Give u(p).
-15
Let i = -89 - -90. Let m(s) = -24*s**3 + s - 1. What is m(i)?
-24
Let n(v) = 11*v**3 + 10*v - 7*v**2 - 4*v**3 - v**3 - 23 - 5*v**3. Let i be n(6). Let g(y) = -9*y + 1. Calculate g(i).
-8
Let b(c) = -c**3 - 6*c**2 + 8*c + 5. Suppose 3*r - n + 10 = -2*n, 0 = 2*r - 4*n + 16. Let v be (3 + r)/1 + 6. Let d be (-1)/1*(v - -2). Calculate b(d).
-2
Let d = 14 - 4. Let b(k) = -3 - d + 2*k**3 + k + 2 - 3*k**3 + k**2. What is b(0)?
-11
Let f(d) = d**2 + 8*d - 8. Suppose 5*s = 14*s + 72. Give f(s).
-8
Let m(j) = j**2 - 1. Suppose 231 = 6*q + 225. Give m(q).
0
Let m = -178 - -180. Let b(s) be the first derivative of 8*s + 1/2*s**2 - 1/4*s**4 - m - 1/3*s**3. Calculate b(0).
8
Let f(r) be the third derivative of 1/24*r**4 - 1/6*r**3 + 0*r + 0 - 22*r**2 - 1/120*r**6 + 0*r**5. What is f(1)?
-1
Let k(w) be the third derivative of w**6/120 + 2*w**5/15 + w**3/2 + 9*w**2. Let g be k(-8). Let l(z) = -z + 7. Determine l(g).
4
Let h = -43 + 44. Let t(n) = 17*n**3 - h + 16*n**3 - 31*n**3 + 2*n**2. What is t(1)?
3
Let t(b) be the first derivative of -b**3/3 + 5*b**2/2 - 3*b + 13. Suppose 7*y + 7 = 8*y. What is t(y)?
-17
Let t be ((-15)/6 + 3)/(1/(-22)). Let m(d) = -7*d - 6. Let u(z) = 20*z + 18. Let f(h) = t*m(h) - 4*u(h). What is f(-7)?
15
Let c be 0 - 6/((-30)/(-35)). Let m(a) = a - 1. Calculate m(c).
-8
Let i(m) be the second derivative of m**3/2 - m**2 - m - 46. Give i(6).
16
Let d be 12 + 126/(-14) + -1 + 0. Let a(t) = -13*t + 3 - 1 + 0. Determine a(d).
-24
Suppose -32 = -i + 116. Suppose -4*y - 2*w = y - 168, 5*w = -4*y + i. Suppose y + 4 = 4*r. Let v(z) = -z**3 + 9*z**2 - 2*z + 10. What is v(r)?
-8
Let a(m) = 5*m**2 - 5*m - 55. Let l(w) = 4*w**2 - 7*w - 56. Let n(c) = -5*a(c) + 6*l(c). What is n(-7)?
9
Let y = -13 - -18. Let c(b) = -2 + y*b**2 - 5*b**2 - b**3 - 5 + 6*b**2. Determine c(6).
-7
Let c(b) = 34*b - 2*b**2 + 7*b**3 - 32*b + 1 + 0*b**2 - 2. Let s = -8 - -13. Suppose 5*q = -s*a - 5, 3*q + 14 = 7*q - 5*a. What is c(q)?
6
Let r(m) be the first derivative of -m**5/20 - m**3/6 - 3*m**2 - 10*m - 9. Let f(k) be the first derivative of r(k). Determine f(0).
-6
Suppose -15*c + 2*w = -13*c + 14, 3*c - 4*w = -22. Let a(f) = f**2 + 6*f - 8. Calculate a(c).
-8
Let y be ((-5)/3)/(-5) + (-1790)/15. Let d = y + 123. Let j(r) = r**2 - 4*r + 3. Calculate j(d).
3
Let l(t) be the first derivative of t**2/2 + 18*t + 659. Calculate l(-4).
14
Let j be 31/7 + -1 + (-64)/(-112). Let d(y) be the second derivative of -y**3/3 + 5*y**2/2 + 4*y. Determine d(j).
-3
Let d(w) = -2*w - 11. Suppose -15 = -b + 5*l, -40 = 7*b - 3*b + 5*l. Determine d(b).
-1
Suppose w = 3*w - 18. Let d(s) = -w - 4*s + 14 - 4. What is d(3)?
-11
Let x(s) = -s**2 + 2*s + 9. Let m(j) = -j**2 - 60*j + 4. Let k be m(0). What is x(k)?
1
Let i(b) = -1 - 7 + 6 + 13*b**2 - 2*b - 18*b**2. Determine i(-2).
-18
Let g be (-10)/4*294/(-245). Suppose -5*x + 10 = -2*b - 0*b, 25 = -2*x - 5*b. Let u(y) = -7 - 5*y**g + x*y**3 + y - y**2 + 6*y**3. Give